+ 13*y - 28654. List the prime factors of y.
2, 13, 619
Let n = -70 - -75. Let u = -57 + 94. Suppose 215 = 5*c + n*o, c = -3*o - o + u. What are the prime factors of c?
3, 5
Let j = 215 + -185. Suppose 26*t - j*t + 1148 = 0. What are the prime factors of t?
7, 41
Suppose -3*h + 1585 + 2795 = 3*d, h = -4*d + 1454. List the prime factors of h.
2, 17, 43
Let i(f) = f - 32 - 3*f - 27*f**3 + 30. List the prime factors of i(-1).
3
List the prime factors of 68/(-34) + (20630/15 - (-4)/6).
2, 3, 229
Let q be ((-1)/(3/(-30)))/2. Suppose 441 = -6*f + 7*f - h, 0 = q*f + 5*h - 2215. List the prime factors of f.
2, 13, 17
Let z(p) = 3*p**2 + 5*p + 6. Let q be z(-2). Let a(u) = -108*u + 52*u - 1 + 61*u. List the prime factors of a(q).
3, 13
Let v = -4319 - -42397. List the prime factors of v.
2, 79, 241
Suppose -b + 0*b + 16336 + 4231 = 0. List the prime factors of b.
131, 157
Let s(c) = -76*c + 28. Suppose -85 = 30*d + 95. What are the prime factors of s(d)?
2, 11
Let d = 131 + -102. Suppose 5*y + 2*p - 120 = 0, -3*y + d = -y - 3*p. What are the prime factors of y?
2, 11
Let p be 20/110 - (-3626)/22. Let b = p + -50. What are the prime factors of b?
5, 23
Let q = -6 + 3. Let u(v) be the third derivative of v**5/5 + v**4/24 + v**3/6 - v**2 + 1984*v. List the prime factors of u(q).
2, 53
Let f be (2116/6)/((-4)/(-24)). Suppose -f = -6*c + 2*c. List the prime factors of c.
23
Let w(k) = 383*k - 58. Let i be w(5). Suppose -4*l + i = -999. What are the prime factors of l?
2, 3, 7, 17
Let a = 5257 + 21817. What are the prime factors of a?
2, 13537
Suppose 2*v = -6*v + 40. Suppose 0*m = v*m - 1465. Let p = m + -166. List the prime factors of p.
127
Suppose 35 = z + 20. Suppose -z*q + 3260 = -2065. What are the prime factors of q?
5, 71
List the prime factors of 16 - 38 - (-277956)/9.
2, 13, 1187
Let c be 31*((-6)/(-4))/(39/(-26)). List the prime factors of (8 + c)*(-1)/(4/92).
23
What are the prime factors of (-933732)/(-4)*-9*(-2)/54?
3, 37, 701
Suppose 683 = -7*w + 6*w - 4*d, 0 = d. Let h = 990 - w. List the prime factors of h.
7, 239
List the prime factors of 16/36 + (-14166737)/(-387).
36607
Suppose 0 = a - 14257 - 670. List the prime factors of a.
11, 23, 59
Let w(b) = b**3 + 7*b**2 - 3*b - 5. Let k(n) = n**3 + 3*n**2 - 5*n - 9. Let o be k(-4). Let c be w(o). Let h = c + -13. List the prime factors of h.
47
Let y(l) = 6*l**2 - 56*l - 1081. What are the prime factors of y(-45)?
107, 127
List the prime factors of (-19161)/(-10) - (-36)/(-360).
2, 479
Suppose -3*t = -3*m - 1713, -2*t = -6*t - m + 2259. Let z = t + -329. Suppose -129 - z = -2*j. What are the prime factors of j?
3, 61
Suppose 13*s = -4*s + 6936. Suppose -4*q = l - 252, 3*l + q - 1109 = -s. What are the prime factors of l?
2, 29
Suppose 5*i - 34 = 4*r + 2, -4*r + 3*i = 28. List the prime factors of ((-8)/(-2) + -2)/(r/(-1586)).
13, 61
Suppose -2*n = -7*p + 4*p + 29, 4*p - 8 = -5*n. Suppose 0*m = -p*m + 1113. What are the prime factors of m?
3, 53
Suppose 3*y = -4*k - 6, -3 = 5*k + y - 1. What are the prime factors of (k + 8 - 3) + 852?
857
Let b be (2 + 24/(-9))*-87. Let i = 58 - b. Let d(y) = y**3 + 2*y**2 + 292. List the prime factors of d(i).
2, 73
Let k(a) = -17 + 31 + 8*a + 6*a**2 - 5*a**2 + 20. Suppose o + 18 = 4. List the prime factors of k(o).
2, 59
Let d = 28 - 14. Suppose -2 = -w + 2*s + 2, 5*w - d = 4*s. Suppose -119 = -3*g + w*g + 2*r, 5*r = -3*g + 335. What are the prime factors of g?
5, 23
Let o(w) = w**3 - 21*w**2 - 20*w + 99. Let c be o(22). Suppose c*x = 135*x + 7088. List the prime factors of x.
2, 443
Suppose 18*d - 15 = 15*d. Suppose -7*w = -d*w - 224. Suppose 456 - w = 4*f. What are the prime factors of f?
2, 43
Let u(k) = 433*k**2 + 57*k + 206. What are the prime factors of u(-4)?
2, 3, 1151
Let q = -5 + 14. Suppose -5*k + 610 = -5*u, -u + 157 = k + 39. Suppose 0 = 5*w - q*w + k. List the prime factors of w.
2, 3, 5
Let o(w) = 5 + 3*w + 0*w - 5*w**2 - 3*w**2 - 21*w**2. Let m be o(-2). Let b = -29 - m. What are the prime factors of b?
2, 11
Suppose -n - 139*a = -142*a - 1089, a = -4*n + 4369. List the prime factors of n.
2, 3, 7, 13
Suppose o + 2*y - 1204 = -o, 0 = 4*o + 2*y - 2400. Suppose 652 = o*t - 596*t. List the prime factors of t.
2, 163
Let o(k) = 15*k**2 - 151*k + 2562. List the prime factors of o(17).
2, 5, 433
Let k = 495 - 493. Suppose k*i - 419 = q, 348 + 280 = 3*i - q. List the prime factors of i.
11, 19
Let x(p) = -325*p - 1985. What are the prime factors of x(-74)?
3, 5, 1471
Suppose 6 - 1 = 5*f, -f + 345 = 2*l. Suppose -l - 9404 = -12*u. What are the prime factors of u?
2, 3, 7, 19
Suppose 0 = u + 4*r - 1644, -4*u - 5*r + 6576 = -6*r. What are the prime factors of u?
2, 3, 137
Let r(k) = k**2 + 7*k - 28. List the prime factors of r(80).
2, 1733
Let t(r) = 7*r + 2. Suppose 0*p + 10 = 2*p. Suppose p*f - 95 = 10. What are the prime factors of t(f)?
149
Suppose -43 = -9*t + 8*t. Suppose -t*p + 4225 = -30*p. List the prime factors of p.
5, 13
Let k be 9/27 - (28/(-6) + 1). Suppose 804 = k*j - 3*q + 22, -382 = -2*j - 3*q. List the prime factors of j.
2, 97
Suppose -25*z + 18890 + 1662 + 48273 = 0. List the prime factors of z.
2753
Let h = 364 + -361. Suppose a + 8*d - 14 = h*d, -3*d - 22 = -a. List the prime factors of a.
19
Let v(o) = -2355*o - 7423. What are the prime factors of v(-16)?
79, 383
Let n(m) = -m**3 + 7*m**2 - m - 15. Let r be n(5). Suppose -18*c = -r*c + 864. What are the prime factors of c?
2, 3
What are the prime factors of 882/198 + (-6)/(-11) + (37661 - -5)?
3, 29, 433
Suppose -8*i + 8*i = -i. Suppose -19*a + 21*a - 1212 = i. List the prime factors of a.
2, 3, 101
Let x = 1705 - 3501. Let n = -692 - x. List the prime factors of n.
2, 3, 23
Let v(g) = -2572*g**3 - 12*g**2 - 27*g - 7. List the prime factors of v(-2).
5, 823
Let n = -378 + 603. Suppose -136 = 5*s - 3*s - 5*h, 0 = -3*s - 3*h - n. What are the prime factors of (-1 - s/3)*(-3)/(-2)?
5, 7
Let t = -316212 + 498268. List the prime factors of t/560 - (-2)/(-20).
5, 13
Suppose -w = 2*w + 15. Let m(h) = -h**3 - 6*h**2 - 7*h - 6. Let d be m(w). Suppose 0 = d*b + p + 4*p - 301, -143 = -2*b - p. List the prime factors of b.
3, 23
Suppose -6*o - 28 = -4*o. What are the prime factors of 4/o - 1654/(-7)?
2, 59
Let t = 8752 + -6212. What are the prime factors of t?
2, 5, 127
Let n(q) = q + 3. Let a be n(-7). Let o(s) = -5*s - 2. Let d(h) = 6*h + 2. Let y(v) = a*o(v) - 5*d(v). List the prime factors of y(-3).
2, 7
Let l(s) = 201*s + 455*s - 3 - 143*s. List the prime factors of l(3).
2, 3
Suppose 7*b = -9*b + 2528. Let i = -26 + b. What are the prime factors of i?
2, 3, 11
Suppose -123892 + 41026 = -6*y. What are the prime factors of y?
7, 1973
Let l(u) = 197*u**2 - 72*u + 632. What are the prime factors of l(9)?
19, 839
Let n = 2205 - -3841. List the prime factors of n.
2, 3023
Let l(f) = 2*f**3 - 2*f**2 - 8*f - 3. Suppose 6*q = 9*q - 15. Let d be l(q). Let z = 340 - d. What are the prime factors of z?
3, 61
Let i = 26 + -23. Let g(v) = 87 + v**i - v**2 - 2*v - v**3 - v**3. List the prime factors of g(0).
3, 29
Let c(y) = -y**3 - 6*y**2 - y. Let z = -46 + 40. Let w be c(z). List the prime factors of (27/w)/((-1)/(-6)).
3
Suppose -2*w + 3*w - 3 = 0. Suppose l = -w*l + 20. Suppose 4*h - 4*j = 7*h - 17, -3*j = l*h - 21. List the prime factors of h.
3
Let u(m) = -2*m**3 - 7*m**2 + 2*m + 4. Let h be u(-5). Suppose -g + h = -74. List the prime factors of g.
11, 13
Suppose 9721*w - 9749*w = -1269520. What are the prime factors of w?
2, 5, 2267
Suppose 0 = 6*z + z - 322. Let c = -46 + z. Suppose -2*h + 31 = -3*n - c*n, n - 41 = -3*h. List the prime factors of h.
2, 7
Let l(d) = -187*d - 10. Let i be l(-1). Suppose -3*z = -f + 124, -2*z + i = f + 38. What are the prime factors of f?
7, 19
Suppose 3*d - 3*y = 98055, -130722 = -4*d + 103*y - 105*y. What are the prime factors of d?
2, 3, 13, 419
Suppose -131347 = 39*y - 2062510. List the prime factors of y.
13, 293
What are the prime factors of (-250)/1375 + (-1252785)/(-33)?
37963
Let t(l) = -196 - 179 - 12*l + 48 - 19. What are the prime factors of t(-31)?
2, 13
Suppose 3*k = -4102 + 11550 + 12406. List the prime factors of k.
2, 3, 1103
What are the prime factors of 8 - (-7)/((-77)/(-108988))?
2, 37, 67
Suppose -92 = s - 2*g - 1352, 0 = -5*s - g + 6278. 